{"id":296,"date":"2025-03-10T10:44:32","date_gmt":"2025-03-10T10:44:32","guid":{"rendered":"https:\/\/desentupidoralimpja.com.br\/litoral-sul\/?page_id=296"},"modified":"2025-03-14T14:41:22","modified_gmt":"2025-03-14T14:41:22","slug":"clientes","status":"publish","type":"page","link":"https:\/\/desentupidoralimpja.com.br\/litoral-sul\/clientes\/","title":{"rendered":"Clientes"},"content":{"rendered":"\n<p>Nosso compromisso com a <strong>excel\u00eancia e a satisfa\u00e7\u00e3o do cliente<\/strong> fez da <strong>Limp J\u00e1 Desentupidora<\/strong> uma refer\u00eancia no setor de desentupimento. Com mais de <strong>20 anos de experi\u00eancia<\/strong>, j\u00e1 atendemos milhares de clientes, garantindo solu\u00e7\u00f5es r\u00e1pidas, eficazes e sem sujeira. Grandes empresas, condom\u00ednios, com\u00e9rcios e ind\u00fastrias confiam em nossos servi\u00e7os para manter seus sistemas hidr\u00e1ulicos funcionando perfeitamente.<\/p>\n\n\n\n<p>Confie na <strong>Desentupidora Limp J\u00e1<\/strong> para resolver qualquer problema de entupimento com <strong>efici\u00eancia e profissionalismo<\/strong>. Atendemos <strong>resid\u00eancias, condom\u00ednios, restaurantes, empresas e muito mais<\/strong>, sempre com a garantia de um servi\u00e7o limpo, seguro e sem complica\u00e7\u00f5es. <strong>Experimente a diferen\u00e7a de quem realmente entende do assunto!<\/strong><\/p>\n","protected":false},"excerpt":{"rendered":"<p>Nosso compromisso com a excel\u00eancia e a satisfa\u00e7\u00e3o do cliente fez da Limp J\u00e1 Desentupidora uma refer\u00eancia no setor de desentupimento. Com mais de 20 anos de experi\u00eancia, j\u00e1 atendemos milhares de clientes, garantindo solu\u00e7\u00f5es r\u00e1pidas, eficazes e sem sujeira. Grandes empresas, condom\u00ednios, com\u00e9rcios e ind\u00fastrias confiam em nossos servi\u00e7os para manter seus sistemas hidr\u00e1ulicos [&hellip;]<\/p>\n","protected":false},"author":2,"featured_media":2394,"parent":0,"menu_order":0,"comment_status":"closed","ping_status":"closed","template":"","meta":{"footnotes":""},"class_list":["post-296","page","type-page","status-publish","has-post-thumbnail","hentry"],"_links":{"self":[{"href":"https:\/\/desentupidoralimpja.com.br\/litoral-sul\/wp-json\/wp\/v2\/pages\/296","targetHints":{"allow":["GET"]}}],"collection":[{"href":"https:\/\/desentupidoralimpja.com.br\/litoral-sul\/wp-json\/wp\/v2\/pages"}],"about":[{"href":"https:\/\/desentupidoralimpja.com.br\/litoral-sul\/wp-json\/wp\/v2\/types\/page"}],"author":[{"embeddable":true,"href":"https:\/\/desentupidoralimpja.com.br\/litoral-sul\/wp-json\/wp\/v2\/users\/2"}],"replies":[{"embeddable":true,"href":"https:\/\/desentupidoralimpja.com.br\/litoral-sul\/wp-json\/wp\/v2\/comments?post=296"}],"version-history":[{"count":2,"href":"https:\/\/desentupidoralimpja.com.br\/litoral-sul\/wp-json\/wp\/v2\/pages\/296\/revisions"}],"predecessor-version":[{"id":2393,"href":"https:\/\/desentupidoralimpja.com.br\/litoral-sul\/wp-json\/wp\/v2\/pages\/296\/revisions\/2393"}],"wp:featuredmedia":[{"embeddable":true,"href":"https:\/\/desentupidoralimpja.com.br\/litoral-sul\/wp-json\/wp\/v2\/media\/2394"}],"wp:attachment":[{"href":"https:\/\/desentupidoralimpja.com.br\/litoral-sul\/wp-json\/wp\/v2\/media?parent=296"}],"curies":[{"name":"wp","href":"https:\/\/api.w.org\/{rel}","templated":true}]}}